. Suppose v = 16*y + 3*y. Is y a composite number?
True
Let v = 13 - 13. Let f = v + 5. Suppose 4*h = -0*h - g + 38, 0 = -h + f*g + 20. Is h a composite number?
True
Suppose 0 = 3*b - 1656 + 378. Suppose -d = 95 - b. Is d composite?
False
Let r(u) = u**3 + 2*u**2 + 5*u + 1. Let g be r(-4). Let v = g - -86. Let k = v + 44. Is k a composite number?
False
Suppose h - 2*h = -3*c + 22, c = -2*h - 23. Is 5 - h/((-65)/(-25830)) a prime number?
True
Suppose -14*h + 7*h + 130459 = 0. Is h prime?
True
Let a be ((-6)/(-6) + -4)/((-6)/4). Suppose l + a*r - 1257 = 0, 3*r + 3780 = -2*l + 5*l. Is l prime?
True
Let r = -4281 + 8902. Is r composite?
False
Let r(w) = -3*w**3 - 5*w**2 - 8*w + 27. Is r(-6) a prime number?
False
Let b(x) = x**3 + 5*x**2 - 15*x - 9. Let k be b(-6). Suppose -5*n - 18 = -2*n. Let j = n + k. Is j a prime number?
False
Let s(j) = -j**2 - 7*j + 7. Let u be s(-8). Let i be (3 + u + -3)*-11. Suppose -i*p + 7*p + 424 = 0. Is p composite?
True
Let u = -78 + 99. Is u a composite number?
True
Let v(k) = -k**3 - 17*k**2 - 41*k - 72. Is v(-25) prime?
True
Suppose 20 = 228*y - 223*y. Let g = 51 + -10. Suppose -y*n - 80 = -9*n - 5*t, -g = -n + 4*t. Is n a composite number?
True
Let t be (0 - 3) + (11 - 5). Suppose 3*p + y = 808, 804 = 3*p + t*y - 6*y. Is p prime?
True
Let z(j) = -7*j**2 + 7*j**2 + 8*j**2 - 2*j - 8*j - 21. Is z(-13) a composite number?
True
Let v = 3508 + -2421. Is v prime?
True
Let l = -8 + 8. Suppose g - 5 + 3 = l, -2*b + g + 8 = 0. Suppose u = k - 501, 5*u - 1719 - 806 = -b*k. Is k a composite number?
False
Is ((-324292)/152)/((-1)/2) composite?
True
Suppose -h + 50 - 20 = 0. Suppose -h*k + 4462 = -28*k. Is k a prime number?
False
Suppose -z - 3*k + 2*k + 3 = 0, 15 = -5*z + k. Let x(o) be the first derivative of -17*o**2/2 - o + 6. Is x(z) prime?
False
Let h(w) = -2*w + 10. Let m be h(7). Let o(l) = -l**2 - 4*l. Let v be o(m). Is (651 - v)/(-3)*-1 prime?
False
Let t be -9*(-1 + 0 + 0). Let v be (-118 - 2)*(-2)/3. Let u = v + t. Is u a prime number?
True
Suppose 2*v = -5*k - v + 37, -5*k = v - 29. Suppose 2*b + o = k*o + 538, -2*b + 5*o = -542. Suppose 5*h = b + 1244. Is h prime?
False
Suppose 57 = -5*c + 92. Suppose -2*w + 354 = 2*j - c*j, -5*w - j = -939. Is w prime?
False
Let i = 7 - 14. Let c(w) = w + 7. Let d be c(i). Suppose g - 2*g + 11 = d. Is g prime?
True
Let m(v) = -v**3 - 6*v**2 - 6*v. Let t be m(-5). Suppose -t*z = 2*z - 637. Is z a composite number?
True
Suppose -4*c + 54 - 358 = 0. Let o = 24 - c. Suppose 5*g - 3*q = 4*g + 36, -5*g + o = q. Is g composite?
True
Let h = 13 - 13. Let i = -448 - -1097. Suppose -8*q + 7*q + i = h. Is q a composite number?
True
Let t be 14/6 + (-3)/9. Let v be t/(-7) + (-232)/(-28). Is (-2628)/(-48) - (-2)/v a composite number?
True
Let c = 29 - 21. Let n(p) = 44*p + 31. Let r(j) = -j - 1. Let w(b) = n(b) + 6*r(b). Is w(c) composite?
True
Let l = -961 - -1414. Let m = 19 + -17. Suppose -m*s = i - l, -4*i - 5*s + 1361 = -i. Is i composite?
False
Let v(r) be the third derivative of -r**6/120 - 2*r**5/15 - 37*r**4/24 - 9*r**3/2 + 37*r**2. Is v(-17) prime?
True
Let o(y) = 12818*y - 19. Is o(1) a prime number?
True
Suppose 12*o + 26485 = 7*o. Let j = -1607 - o. Is ((-1)/3)/((-6)/j) a prime number?
False
Let j = 1469 + -855. Is j composite?
True
Let h be (1160 - (-3 + 5)) + 0. Is h/4 + 2/(-4) a composite number?
True
Suppose 0 = -27*r + 215 - 53. Suppose 12 = 5*j + 2*c, -6*j + 2*j - 4 = 5*c. Suppose j = -y, 2*q - r*y + y = 394. Is q prime?
False
Let b(g) = 33*g + 1. Let w(s) = -32*s. Let n(y) = -5*b(y) - 4*w(y). Let u be n(-2). Is (16/(-12))/(-2)*u composite?
True
Let t be 3219/(-27) + (-4)/(-18). Let x = t + 285. Is x a composite number?
True
Let o = -60 + 151. Suppose t - o = 22. Is t a composite number?
False
Is (-3)/(-5) + -52*26221/(-130) a prime number?
False
Let u(o) = 2*o**3 - 30*o**2 + 31*o - 40. Let d be u(14). Let p(b) = -46*b**3 + 124*b**3 + 0 + 1 - 3*b**2. Is p(d) a composite number?
False
Suppose -5*d = -5*g + 265, 111 = 2*g - 2*d - d. Is 18/g + 757/8 prime?
False
Let f be 1/((25/(-20))/(-5)). Suppose -f*y - 4668 = -7*y. Suppose -24*i + 28*i - y = 0. Is i composite?
False
Let l be (-9035)/(-9) + 2/18. Suppose 2*b + 246 = l. Is b a composite number?
False
Let r = -30 - -28. Is r/(-9) - 45140/(-180) a composite number?
False
Let l(n) = -n - 26. Let b be l(0). Suppose -2*d - 278 = -4*j - 4*d, 2*j - 135 = 3*d. Let c = j - b. Is c a composite number?
True
Suppose -65*w + 31*w = -116722. Is w composite?
False
Is (-2)/9 + 444652/153 a composite number?
True
Is (-1 - 9)*(-96583)/118 a composite number?
True
Is (-13 - 12310)*(-2 + 1) a prime number?
True
Let j(h) = 342*h + 32. Let m(u) = -114*u - 11. Let o(t) = -4*j(t) - 11*m(t). Let p be 1 - 0 - (-5 - -9). Is o(p) a prime number?
False
Suppose -5*r = o - 9, 6*o - r + 21 = 3*o. Let h(x) = -12*x - 3. Let c be h(-2). Is c/(o*4/(-40)) a prime number?
False
Let d = 65 - 93. Let p be (-3)/(-9)*d*36. Let b = p - -523. Is b prime?
False
Suppose 2*y = -k - 15, 5*k = 2*y + y - 49. Let t be (k - -7)*(-5)/2. Is t/(-25) - (-447)/5 composite?
False
Let d be -1*(1 - -1)/2. Let w be (d - -1) + -3 - -3. Suppose w = -2*b - b + 381. Is b a prime number?
True
Let y(o) = -3*o + 1. Let f be y(-13). Suppose -f*m + 46794 = -34*m. Is m prime?
False
Suppose -70*f = -23*f - 1934567. Is f composite?
False
Suppose 2*l + 2 = 0, -4*l - 140227 = -2*b + 139999. Is b composite?
False
Suppose 1 + 35 = k - 2*f, 5*f = -5*k + 135. Suppose 3*x - 366 + k = -3*i, -4*x - i = -451. Is x composite?
False
Let z = 20 - 15. Suppose 1220 = z*m - 1545. Is m prime?
False
Let j = 18 - 13. Suppose 2*p + 754 = j*w - 0*p, 0 = 4*w - 2*p - 604. Suppose 5*f - 565 = w. Is f a prime number?
False
Let g be 4/(-6) + (-78)/(-9). Suppose g*k - 17780 = 4*k. Suppose -2*v = 3*v - k. Is v composite?
True
Let u(h) = -h**2 - 39*h + 27. Is u(-29) composite?
False
Let z(n) = 77*n**2 - 13*n + 27. Is z(-11) a prime number?
False
Let f(h) = h**3 - 7*h**2 + 6*h + 6. Let x be f(6). Let i be (2/x)/(11/66). Is ((i - 3) + 2)*419 a prime number?
True
Suppose 5*n + 70 = 95. Suppose b = -y + 825, -n*b = -2*y - 3*y - 4085. Is b a composite number?
False
Is 5*27/(-45) + (2254 - -2) a prime number?
False
Let l = 1862 + 1769. Is l prime?
True
Suppose 223 = s - 4*n, s - 4*s = -4*n - 661. Let y = 478 + s. Is y composite?
True
Let g = 150734 - 56195. Is g a prime number?
False
Suppose 10224 + 6513 = 3*i. Is i a prime number?
False
Let p = -1473 - -3085. Suppose -3*m + p = 301. Is m composite?
True
Let t(v) = -82106*v + 16. Let m be t(4). Is (-4)/18 + m/(-72) a prime number?
True
Is (9566/6)/(5/105) a composite number?
True
Let q be ((0 - 0)/4)/(-1). Suppose 5*u = -q*u - 2*b - 1902, 5*u + 1926 = 4*b. Let n = 747 + u. Is n a prime number?
False
Suppose 5*s = -0*s + 10. Suppose -250 - 1508 = -s*f. Suppose 4*p - p - f = 0. Is p composite?
False
Let a = 664 + 201. Is a a prime number?
False
Let w = -2426 + 9063. Is w composite?
False
Let q = 1423 + -1278. Is q a prime number?
False
Suppose 7*j + 16 = -5. Let d be -6 - j*6/9. Is (-8)/d - (-41 + 0) a prime number?
True
Suppose 2*m + 2*g = -m - 2158, -5*g = 10. Let s = -213 - m. Is s prime?
False
Let c(u) = u**2 - 11. Let k be c(16). Is 6/(-4) + k/2 a prime number?
False
Let k be ((-1 - 0) + 2)/(3/24). Let t(f) = f**3 - 9*f**2 + 11*f - 5. Is t(k) prime?
True
Let r(t) be the second derivative of -t**3 + 3*t**2/2 - 10*t. Let w be r(6). Let a = -20 - w. Is a prime?
True
Let a = -158 - -263. Let p be 146/30 - (-14)/a. Suppose -3*i + 3*h + 1144 - 112 = 0, -4*i + 1349 = p*h. Is i composite?
True
Let r(v) = 15*v**2 + 2*v + 15. Let g be r(-10). Let d be 16/(-12)*3*-226. Suppose -p - g = -5*n, -2*p - d = -5*n + 2*n. Is n a composite number?
True
Is 939 + (1 + -1)/5 prime?
False
Let s = 29023 + -19496. Is s composite?
True
Let k(r) = 4*r - 12. Let a be k(4). Suppose -209 = 2*h - 3*h + 4*n, 627 = 3*h - a*n. Is h a composite number?
True
Suppose 2*b - 5*b = -12. Suppose -b*g + 2*p = 20, -3*g - 3*p = -5*p + 16. Is (2/g)/(7/(-2786)) prime?
True
Let o be (-18)/(-42) - (-11)/7. Suppose -2*m = -d + o - 1, 2*m + 16 = 4*d. Suppose m*s - 638 = 248. Is s a prime number?
True
Let g be ((-1)/(-2) - (-5 - -3))*2. Suppose -2*v - 3*v = -g, -w - 2*v = -1737. Is w a composite number?
True
Let x be (6/8)